ppose -a*r + 215 = 2*s - 5*r, 185 = 2*s + 3*r. What is the remainder when s is divided by 17?
15
Let w(v) = -2335*v + 4278. What is the remainder when w(-6) is divided by 67?
64
Let s be ((-64)/(-40))/((-3)/(-120)). Suppose 2*y - s = -3*g, -3*g + 8*y = 3*y - 71. What is the remainder when 107 is divided by g?
19
Let q = 47 + 12. Let s(b) = -43. Let u(c) = c + 42. Let x(f) = 5*s(f) + 4*u(f). Calculate the remainder when q is divided by x(15).
7
Let f = -10981 - -11092. Calculate the remainder when 297 is divided by f.
75
Suppose -8 = 2*n + 16. Calculate the remainder when 10/(3*n/(-54)) is divided by 6.
3
What is the remainder when ((-440)/(-16))/(8/16) is divided by 33?
22
Let s = -36 - -98. Suppose -3*v - 3*f = -0*f - 39, 5*v + 4*f = 60. Calculate the remainder when s is divided by v.
6
Let p = 105 - 59. Suppose 4*o = -2*w + 1132, -1890 = -5*w + 3*o + 836. What is the remainder when w is divided by p?
44
Suppose 5*d = 5*n - 220, 5*d + 24 = -4*n + 173. Suppose 3*s = 5*c + 956, 3*s - 986 = 14*c - 15*c. Calculate the remainder when s is divided by n.
40
Let b(j) = j**2 - 14*j + 57. Let g = 208 + -195. Calculate the remainder when b(g) is divided by 26.
18
Suppose 2*w + 3806 = 13*w. Suppose -366 = -5*a - w. Calculate the remainder when 145 is divided by a.
1
Let w(m) = -3*m - 33. Let d be w(-10). Let j(i) = -5*i + 1. Let f be j(d). Let y(s) = 2*s - 22. What is the remainder when 32 is divided by y(f)?
2
Let q = 4556 - 4517. Calculate the remainder when 4405 is divided by q.
37
Suppose r - 70 = -2*z, 5*r + 641 - 496 = 5*z. What is the remainder when 1945 is divided by z?
31
Suppose 3*c + 19 = 82. Let d = -9724 - -9807. What is the remainder when d is divided by c?
20
What is the remainder when 1968 is divided by (-9*(-72)/(-1134))/(2/(-14)) + 148?
144
Let y = 3629 + -3598. Calculate the remainder when y is divided by 1.
0
Calculate the remainder when (-1)/(69/6) + (-23470)/(-115) is divided by 107.
97
Let x(c) = -87*c**3 - 2*c**2 + 225*c + 456. What is the remainder when x(-2) is divided by 138?
4
Let x = 1007 + -944. Let w be -10 + 12 + (36 - 0). Suppose 7*h - w = 5*h. What is the remainder when x is divided by h?
6
Let s(m) = -65*m - 1378. What is the remainder when (-1905)/(-18) + 2/12 is divided by s(-22)?
2
Suppose 3*a - 3540 = -7*a. Suppose -15*n + 12*n = -a. Suppose 4*f + 2*m = n, f - 80 + 28 = -5*m. Calculate the remainder when f is divided by 11.
5
Let i(a) = 4*a**3 + 2*a**2 - 2*a + 1. Let v(w) = 42*w - 3. Let x be v(-3). Let h = -112 - x. What is the remainder when h is divided by i(1)?
2
Let x(j) = 33*j - 43. Let s be x(3). Suppose -s = -9*q + 43. Let v(f) = -f**3 + 5*f**2 + 7*f - 4. What is the remainder when v(5) is divided by q?
9
Let q be 15/(-45) + ((-1598)/(-6) - 0). Let y = 284 + q. Suppose -5*h = -3*s - y, -3*h + 2*h - s = -110. What is the remainder when h is divided by 37?
36
Suppose 36 = 3*d - 3*l, 0*d - 4*d - 4*l = -32. Let y(p) = p**2 - 4*p + 27. What is the remainder when y(d) is divided by 16?
7
Suppose 2*l = 8*l + 84. Let z = 25 + l. Let o = -8 + z. What is the remainder when 3 is divided by o?
0
Let x = 775 - 680. Calculate the remainder when 6837 is divided by x.
92
Let h(w) = -2*w - 8. Suppose -1 = 8*j + 31. Let f be h(j). Suppose -3*q + f*y + 342 = -3*y, 108 = q - 3*y. What is the remainder when q is divided by 24?
21
Let n(o) = o**3 + 5*o**2 + 4*o + 47. Let g be n(-6). Let l(d) = 3*d + 63. Calculate the remainder when 95 is divided by l(g).
23
Suppose -2*o = 10 + 8. Let g(t) = -2*t - 18. Let l be g(o). Suppose 5*m + 13 - 263 = l. What is the remainder when m is divided by 17?
16
Let q = 7533 + -7508. Let b(k) = 144*k**2 - k. What is the remainder when b(1) is divided by q?
18
Suppose 3*i - 71 = -5*z + 5*i, 2*z = -3*i + 36. Let r = 324 - 264. What is the remainder when ((-10)/8)/((-3)/r) is divided by z?
10
Let c = 68 - 36. What is the remainder when (-1788)/(-1043) - (-1528)/7 is divided by c?
28
Let o = -83 + 89. Let q be (-1 + -2)/(o/60*-6). Suppose 0 = 3*t - 4*d - 41, q*t + 2*d - 21 = 56. What is the remainder when t is divided by 5?
0
Suppose 39*x - 29569 = -9320 + 5491. Calculate the remainder when x is divided by 185.
105
Calculate the remainder when (-26056)/140*-10 + (1 - (-2)/(-14)) is divided by 618.
8
Let m be (-15189)/(-63) + (-12)/126. Let h = m - 210. Calculate the remainder when 100 is divided by h.
7
Suppose -46*q = -5004 - 5438. What is the remainder when 12937 is divided by q?
225
Suppose 5*a = g - 36, 4*a - 2 = -3*g + 49. Calculate the remainder when 5162 is divided by g.
17
Suppose 441 - 65 = 4*g. Let s(y) = -13*y**2 - 2 + 12*y**2 + 14*y**2 + 9*y**2 + 3*y + 9*y**2. What is the remainder when g is divided by s(1)?
30
Suppose 3 = -z, -37*w + 38*w = -3*z - 7. Let d be -3*(38/(-6) + 3). Calculate the remainder when 74/d - 2/5 is divided by w.
1
Let c(k) = -5*k**3 + 3*k**2 + 7*k + 17. Let d be c(-3). Suppose 4*l - d = -74. Calculate the remainder when 41 is divided by l.
20
Let a = 8202 + -8126. What is the remainder when a is divided by 26?
24
Let t = 82 - -40. Suppose d - 2*x = 28, 4*x - 74 = -5*d + t. What is the remainder when (-140)/((-12)/(15 - 9)) is divided by d?
34
Suppose 960 = 9*x + 789. Let l(f) = f**3 - 5*f**2 - 4*f + 46. Calculate the remainder when l(8) is divided by x.
16
Suppose 0 = 2*b + 3*p - 128, 14*b = 19*b - 2*p - 282. What is the remainder when 175 is divided by b?
1
Let w = -17 - -24. Let y(x) = -129*x - 3 - 131*x + 263*x. What is the remainder when y(5) is divided by w?
5
Calculate the remainder when ((-2)/(-3) - 285/(-45))*13 is divided by 17.
6
Let k(z) = -14*z**2 - 31*z - 5. Let w be k(-2). What is the remainder when 118 is divided by (w/(-3))/((4/204)/(-1))?
16
Let w(p) = -p**3 + 30*p**2 - 58*p + 117. Calculate the remainder when 133 is divided by w(28).
11
Calculate the remainder when 679 is divided by (0 + 261)/(-5 - 288/(-48)).
157
Let b = 19 + -19. Suppose 5*d - 6*d - 45 = b. Let t = d + 49. What is the remainder when 19 is divided by t?
3
Suppose 85 = 3*l - 3*u - 221, -5*l + 550 = 5*u. Suppose 4*t - 442 = -l. Suppose -2*p = p - 87. What is the remainder when t is divided by p?
26
Let w(z) = 529*z - 238. What is the remainder when 2479 is divided by w(2)?
19
Suppose -22*m + 16*m = -972. Let o = m - 104. Calculate the remainder when o is divided by 10.
8
Suppose -1175 = -4*m + 5*f + 118, -4*f + 339 = m. What is the remainder when m is divided by 295?
32
Suppose -13584 + 2709 = -25*m. What is the remainder when m is divided by 23?
21
Let r = 4416 - 4325. What is the remainder when 112 is divided by r?
21
Suppose 0 = -2*p - 39 + 65. Suppose -141 = 2*b - p. Let w = -59 - b. What is the remainder when 14 is divided by w?
4
Let x = -520 + 518. Calculate the remainder when (992/48)/(x/(-6)) is divided by (-190)/(-6) + 2/6.
30
Let i = -159 - -323. Calculate the remainder when i is divided by 516/18 - 2/3.
24
Calculate the remainder when 349 is divided by 12/(-22) - 5*(-281)/55.
24
What is the remainder when (16/10)/(33/((-2715075)/(-30))) is divided by 33?
32
Let m(i) = -6*i - i - 1 + 2 - 6*i**2 + i**2 - i**3. Calculate the remainder when 104 is divided by m(-5).
32
Suppose -g - 28 = -8*g. Suppose 0 = -u + 5*v + 17, -3*v = -3*u - g*v - 13. Calculate the remainder when 39*u/(-6)*6 is divided by 30.
27
Let l = -9299 + 11334. Calculate the remainder when l is divided by 11.
0
Let d = -11928 + 12875. Calculate the remainder when d is divided by 309.
20
Suppose -3*k - 2*t + 15 = 0, -14 = -2*k - 5*t + 7. Suppose -5*m + 3*z - 274 = -10*m, -3*m + k*z = -150. What is the remainder when m is divided by 14?
11
Let z be -74*-2*5/(-10)*-1. Suppose -27*g = -z - 2005. Calculate the remainder when g is divided by 16.
13
Let a be 6104/35 - 3/(-5). Let g = a + -76. Let f = -535 - -560. Calculate the remainder when g is divided by f.
24
Let f(m) = -m**3 - 18*m**2 + 41*m + 36. Suppose 11*k + 0*k = -220. What is the remainder when 35 is divided by f(k)?
3
Let r(c) = -c**2 + 22*c + 229. Calculate the remainder when r(27) is divided by -1*51/3*-3.
43
Let s(q) = q**2 - 9*q + 31. Let p(z) = -3*z**2 + 20*z - 62. Let r(f) = -3*p(f) - 5*s(f). Calculate the remainder when r(4) is divided by 13.
9
Suppose -3 = -3*v + 12. Let a = 280 + -61. Suppose 5*b - v*o = 460, o = 2*b + 6*o - a. Calculate the rema